2*b + 5*d - 6 = 0. Let z(f) = -f**3 + 10*f**2 - 5*f + 9. List the prime factors of z(b).
97
Suppose -5*p + 574 = 2*u + 56, 4*p - u - 417 = 0. List the prime factors of p.
2, 13
Suppose 7 = 2*d + 1. Suppose 2*z + 6 = d*z. What are the prime factors of ((-9)/z)/(9/(-120))?
2, 5
Let z(h) = 31*h - 8. Let p be z(-7). Let u = -69 - p. What are the prime factors of (6/(-4))/((-9)/u)?
2, 13
Suppose 0 = -0*v - 10*v - 1030. Let p = 279 + v. List the prime factors of p.
2, 11
Suppose -4*q = 3*n - 4608, n - 297 = 3*q - 3753. List the prime factors of q.
2, 3
Let n be (52/(-65))/((-2)/10). Suppose 5*k + 4*v - 729 = 0, n*k - 2*k - 285 = 5*v. List the prime factors of k.
5, 29
Let o(w) = 4*w**2 + 2*w - 7. What are the prime factors of o(4)?
5, 13
Suppose 700 = -4*v + 3*v. Let z be (24/10)/((-21)/v). Suppose -6 = -2*l, z + 111 = 4*f + 5*l. List the prime factors of f.
2, 11
Let s(t) = t**3 + t**2 + t - 3. Let r be s(-2). What are the prime factors of 5/30*-26*r?
3, 13
Let d(y) be the third derivative of -y**4/6 - 2*y**3/3 - 4*y**2. Let i be d(-6). List the prime factors of -8*(0 - i/8).
2, 5
Suppose 53*b - 10 = 51*b. Let o(j) = 4*j**3 - 2*j**2 + j - 2. Let i be o(2). Suppose i = b*v - 91. List the prime factors of v.
23
Let w = -538 - -1029. What are the prime factors of w?
491
Suppose 3*s - 1057 = -211. List the prime factors of s.
2, 3, 47
Let o(a) = -a**3 - 4*a**2 + 16*a. Let t be o(6). Let c = -160 - t. List the prime factors of c.
2, 13
Let y = 277 - 923. List the prime factors of y/(-7) - 2/7.
2, 23
Suppose 0 = -5*i + 2357 - 152. What are the prime factors of i?
3, 7
Suppose -x + 3*f = -0*x + 13, f = 2*x + 21. List the prime factors of -2 - 26/x - 3432/(-30).
5, 23
Let h(l) = -l**3 + 5*l**2 + 10*l - 5. Let w be h(5). Suppose -4 = f, -p + w = -0*p + 3*f. List the prime factors of p.
3, 19
Suppose -14 = 3*b + 124. Let a = -14 - b. Suppose -3*u + 2*u = -a. What are the prime factors of u?
2
Let l be 0*((-4)/(-16))/((-3)/6). Suppose -2*j + o + 315 = l, -2*j = 2*j - o - 625. What are the prime factors of j?
5, 31
Suppose 0 = -16*c + 1926 + 442. List the prime factors of c.
2, 37
Let q be 3*3*2/9. Let x(i) = -i - q - 2*i - 16 + 3. What are the prime factors of x(-10)?
3, 5
Let c(b) = -b + 1. Let z(a) = -5*a + 2. Let k(t) = c(t) - z(t). Let r(i) = 3*i**2 - 25*i + 33. Let p be r(7). What are the prime factors of k(p)?
19
Let a(m) = -4*m + 2. Suppose -x = -34 - 14. Suppose 5*d = -3*j - 47, 4*d - 11 + x = -3*j. What are the prime factors of a(d)?
2, 3, 7
Suppose 0 = -3*r + 33 + 36. List the prime factors of r.
23
Let l(d) = d**2 + 6*d - 4. Let q be l(-7). Suppose 3*p = -4*y + 2*y - 4613, -q*y + 4*p - 6877 = 0. List the prime factors of y/(-66) - 2/(-12).
5, 7
Let p = 45 + -30. Suppose -z = -0*z - i + 3, -5*i + p = 4*z. Suppose -5*g + 192 - 12 = z. What are the prime factors of g?
2, 3
Suppose 0 = -9*g - 183 - 96. Let l = 37 - g. List the prime factors of l.
2, 17
Suppose 16 + 8 = -2*y. Suppose -s = -0*s - t + 5, 4*s + 35 = -t. What are the prime factors of s/6 + (-412)/y?
3, 11
Let i = -43 + 48. Let k(f) = 31*f + 8. List the prime factors of k(i).
163
Let o(d) = 8*d + 52. Let s be o(-7). List the prime factors of -6*62*s/12 + 3.
127
Let n(z) = z**3 - 10*z**2 - 5*z + 17. Let x be n(9). Let o = 11 - x. What are the prime factors of o?
2, 3, 5
Suppose 8*r - 4*r = 20. Suppose 96 + 59 = r*s. What are the prime factors of s?
31
Suppose 0*u - 4*u - 48 = 0. Let n be (-254)/(-8) + (-3)/u. Suppose 3*x - x = n. List the prime factors of x.
2
Let z(h) = -29*h - 83. List the prime factors of z(-16).
3, 127
Suppose 0 = -2*a - 3*q + 1056 - 234, 2*a = 4*q + 836. List the prime factors of a.
2, 3, 23
Suppose -76750 = -77*o + 168033. List the prime factors of o.
11, 17
Let u(q) = -83*q + 5. Let n(w) = -w**2 - 23*w - 45. Let y be n(-21). List the prime factors of u(y).
2, 127
Suppose 3*g + 18 = -2*y, -5*y + 0*y + 31 = -2*g. Let z = g - -91. Suppose 0 = 2*x - 21 - z. What are the prime factors of x?
2, 13
Let v(u) = 7*u**3 + 4*u**2 - 13*u - 2. Let p(c) = c**3 + c**2. Let y(o) = -5*p(o) + v(o). What are the prime factors of y(5)?
2, 79
Suppose 4018 - 25662 = -28*k. List the prime factors of k.
773
Let p(f) = -f**3 + 4*f**2 + f - 53. Let n(o) = -o**2 + 13. Let x(h) = -9*n(h) - 2*p(h). List the prime factors of x(4).
5
Let t(z) = 15*z + 2. Let b(v) = -15*v - 1. Let o = 7 + -2. Let g(s) = o*b(s) + 4*t(s). List the prime factors of g(-2).
3, 11
Let v = -348 + 1248. List the prime factors of v.
2, 3, 5
Suppose -m - 2*m = -2*f + 14, 0 = -f - 5*m - 6. Let l be (-6)/(-8) - 3/f. Suppose 5*a = -l*a + 40. List the prime factors of a.
2
Let h be ((-79)/5 + 3)*-5. Let f = h - 21. Suppose -f = -5*t - 18. List the prime factors of t.
5
Suppose b = -n + 1374, 0 = -2*n + 5*b + 100 + 2648. List the prime factors of n.
2, 3, 229
Let r be ((-40)/(-16))/(1/6). Suppose f - r = 49. What are the prime factors of 0 + 12/(-4) + f?
61
Let o(w) = 3*w**2 + 8*w - 9. Let m be o(-5). Let x = 46 + -8. Let b = x - m. List the prime factors of b.
2, 3
Suppose -3*g - 51 + 441 = 0. Suppose -31 = -4*t + 2*t - 5*v, 5*t + 2*v = g. List the prime factors of t.
2, 7
Let v = 50 + 355. Let s = v - 254. List the prime factors of s.
151
Let d be -6*1*(-8)/12. Suppose -2*x - 75 = -d*x + r, 3*x - 111 = 3*r. Suppose o = -13 + x. List the prime factors of o.
5
Let p(r) = -208*r - 93. What are the prime factors of p(-3)?
3, 59
Let c = -16 + 6. Let w = -7 - -1. What are the prime factors of (w/10)/(2/c)?
3
Suppose 0 = -3*r - 0*r - 9, 0 = 2*h - 3*r + 9. List the prime factors of (-14)/(-63) - 673/h.
3, 5
Let n(p) = -p**3 - 25*p**2 - 27*p - 36. List the prime factors of n(-25).
3, 71
Let j = 322 - 516. Let b = j + 422. What are the prime factors of b?
2, 3, 19
Let k be (1 - (-13)/2)*-8. Let a be (-4571)/42 + (-1)/6. Let r = k - a. List the prime factors of r.
7
Suppose 2*n = 5*s - 1040, -83*s + 5*n = -79*s - 832. List the prime factors of s.
2, 13
Suppose 7*v - 5*v = -x + 1451, -v - 4*x + 715 = 0. List the prime factors of v.
727
What are the prime factors of ((-171)/(-36))/19 - (-10598)/8?
5, 53
Let z = 611 + 498. List the prime factors of z.
1109
List the prime factors of 27/(-6) - 82251/(-18).
5, 11, 83
Let q = -13 - -11. Let x be (q + (2 - 11))/1. What are the prime factors of x/((-7 - -4)/3)?
11
Let j(x) = 13*x**2 + 3*x + 25. What are the prime factors of j(-5)?
5, 67
What are the prime factors of (427/3)/(45/(-54) - -1)?
2, 7, 61
Let r(s) = s**2 + 33*s - 104. List the prime factors of r(25).
2, 673
Let a(z) = -4*z + 469. What are the prime factors of a(0)?
7, 67
Let t(p) be the first derivative of 22*p**2 - p + 20. What are the prime factors of t(3)?
131
Let t = -20 - -20. Suppose -3*q + 163 = s, t = -4*s - q + 326 + 348. Suppose 5*i - 3*g = s, -i + 3*g - 8*g + 17 = 0. What are the prime factors of i?
2
Let n = -5 + 12. Suppose 0*l - 7 = -2*l + 3*f, n = l + 2*f. Suppose 0*j - 150 = -l*j. What are the prime factors of j?
2, 3, 5
Suppose x + 1134 = -x. Let v be 20/80 - x/4. Suppose 0 = -4*r + 1 - 5, -4*r = -3*i + v. List the prime factors of i.
2, 23
Let r(h) = h**3 + 2*h**2 + h + 4. Let y be r(-2). List the prime factors of 2*y + 5 + -3.
2, 3
Let y(o) = 4*o - 6*o - o**3 + 0*o + 2 + 3*o**2. Let w be y(2). Suppose -2*x + 18 = w*m, -4*x + x = -9. What are the prime factors of m?
2, 3
Suppose 3*p - 1515 = -m, -4*p - 274 = -4*m + 5786. What are the prime factors of m?
3, 5, 101
Let j = -372 - -1234. What are the prime factors of j?
2, 431
Let i(j) = -j**2 + 5*j + 6. What are the prime factors of i(3)?
2, 3
List the prime factors of 3/2 - ((-9079)/14 + 15).
5, 127
Suppose 0 = 2*w - 0*w - 6. Suppose 0 = -4*b - y + 5, b - 5*y = -w*b + 23. Suppose -b*v - 9 = -47. What are the prime factors of v?
19
Let g be (4/8)/((-1)/(-6)). Suppose 0 = g*k + 2*k - 130. Suppose -18 = -2*i - 5*j, -3*j + 0*j + k = 2*i. List the prime factors of i.
19
Let p(q) = 4*q**3 - 18*q**2 + 42*q + 19. List the prime factors of p(12).
29, 167
Let m(p) = -p**2 + 7*p + 13. Suppose -3*n + 2*n = -2*f + 19, -2*n + 34 = 5*f. What are the prime factors of m(f)?
5
Let m = 8445 - 5679. What are the prime factors of m?
2, 3, 461
Suppose -3*f - 4 = -4*f. Let k be (-1)/((-1)/(-23)) + f. Let y = k + 50. What are the prime factors of y?
31
Let p = 2223 + -1924. What are the prim